0?
10
Let h(n) = -n**3 - 30*n**2 + 126*n - 4. Let g be h(-34). What is the highest common factor of 126 and g?
42
Suppose 0 = -2*o - 5*s + 6 + 13, -3*o - s + 61 = 0. Suppose -o*r = -21*r - 36. Calculate the greatest common factor of 12 and r.
12
Let m be ((-15)/4)/(13/(-3692)) + -7. Calculate the greatest common factor of 46 and m.
46
Let y = 42 + -57. Let w(o) = o**3 - 5*o**2 - 2*o. Let t be w(-3). Let z be y*(0 + t/5). What is the greatest common factor of z and 18?
18
Let p(o) = -7*o**3 - 7*o**2 - 6*o - 1. Let i be p(-3). Let x = i + -101. What is the highest common divisor of 126 and x?
42
Let r be 3/(-6) + 1029/6. Suppose 5*a - 70 = 25. Calculate the highest common divisor of r and a.
19
Let v = -15 + 55. What is the highest common divisor of v and 5?
5
Let l = -8 + 11. Let w(v) = 3*v + 1 - v**l + 3*v**2 + 5 - 2*v - 4. Let o be w(3). What is the greatest common factor of 5 and o?
5
Let y = -1581 - -1806. What is the highest common factor of y and 90?
45
Suppose -3*d + 1242 = 3*z, -4*d + 836 = 5*z - 3*z. Calculate the highest common divisor of 20 and z.
10
Suppose -70 = -0*a - 3*a + 5*h, -a + h = -20. Suppose -3*c = 3*j - 18, -4 = 5*c - j - 58. Calculate the highest common divisor of a and c.
5
Let a(i) = -i**3 - 8*i**2 - 8*i - 9. Let w be a(-5). Let v = w + 66. Calculate the highest common divisor of 11 and v.
11
Suppose -7*k + 0*k + 105 = 0. Let l be 25 + k/10*-2. What is the greatest common divisor of l and 55?
11
Let m = 5 + -3. Let w(o) = -4*o + m*o**3 - 2 - 5*o**2 - o**3 + 6. Let z be w(6). What is the highest common divisor of z and 48?
16
Let t(a) be the second derivative of a**4/12 + 153*a**2 + 24*a. Let f be t(0). Calculate the greatest common divisor of 34 and f.
34
Suppose -14*d + 52 = -12*d + 4*c, -116 = -5*d - 3*c. What is the highest common factor of d and 297?
11
Let g = 31 - -14. Let a be g/(-2)*(-8)/6. Let s = -15 - -25. Calculate the highest common divisor of a and s.
10
Suppose -1159 = -2*d + 447. Calculate the highest common divisor of d and 11.
11
Let j = 68 - 8. Let l(s) = -s. Let q(y) = -25*y - 15. Let t(h) = -20*l(h) + q(h). Let r be t(-6). Calculate the highest common divisor of j and r.
15
Suppose -537*g + 538*g = 14. Calculate the highest common divisor of g and 126.
14
Let u be (3 + 7/(-3))*18. Calculate the greatest common divisor of u and 9.
3
Let h = -13 - -11. Let w be h*(2 + 0) - -7. What is the greatest common divisor of 21 and w?
3
Suppose -3*o + 4*z = -129, -7*o + 3*o = 4*z - 200. Let y(q) = 75*q + 1. Let n be y(5). What is the highest common divisor of o and n?
47
Let c be 6/2 - (-2 + 3). Suppose -2*r + c*s = 2*r - 82, -2*r = -2*s - 40. Calculate the greatest common divisor of r and 63.
21
Let s(c) = 2*c - 7. Let n be s(5). Suppose 2*b = b + n. Suppose -274 = -0*t - b*t - o, t - 4*o = 74. Calculate the greatest common factor of 10 and t.
10
Suppose 0*t = -5*t + 20. Let h = -61 - -77. Let k be (8/(-2 - -1))/((-4)/h). Calculate the greatest common factor of k and t.
4
Let q = -37 - -32. Let n(z) = -z**2 - 8*z - 1. Let a be n(q). Calculate the highest common divisor of 14 and a.
14
Suppose 5*k = -19 - 61. Let r be 68*1 - (12 + k). Calculate the highest common divisor of r and 8.
8
Suppose 1539*z + 105 = 1544*z. Calculate the highest common divisor of z and 12.
3
Let k = -4 + 7. Suppose 0 = -2*o + k*r + 36, 4*o + 11 - 63 = -4*r. Let d be (2 - 6) + (48 - (1 - 2)). Calculate the highest common divisor of o and d.
15
Let j(u) = -u**3 + 10*u**2 - 8*u + 17. Let s be -12 + 17 + 2*2. Let r be j(s). What is the highest common factor of r and 13?
13
Suppose -4*u = -5*a + 3, 3*u - a + 3 = 2*a. Let w = 2 + u. Suppose w = 3*o - 2*o - 15. What is the greatest common divisor of 15 and o?
15
Let a = 97 + -214. Let o = -81 - a. What is the highest common divisor of o and 24?
12
Let w be (-675)/(-30)*8/10. Let d be 294/w - 1/3. Calculate the highest common factor of d and 24.
8
Suppose -23*y + 1838 = -4119. Calculate the highest common factor of 7 and y.
7
Let j(r) = -8*r - 1. Let i(u) = 7*u. Let z(s) = 3*i(s) + 2*j(s). Let k be z(10). Calculate the greatest common divisor of 12 and k.
12
Let d(a) = -a**3 - 10*a**2 + a - 14. Let x be d(-11). Let i = -71 + x. Calculate the greatest common factor of i and 25.
25
Suppose -28*o + 4155 = -2005. What is the greatest common factor of 80 and o?
20
Let a = 306 - 201. Suppose -3*q + 8*q = a. Calculate the highest common factor of q and 3.
3
Suppose 144 = -11*b + 914. Calculate the highest common factor of 175 and b.
35
Let h = 2 - 0. Let i = 21 - 14. Suppose 4*l + 27 = i*l - m, -4*l + m = -37. What is the highest common factor of h and l?
2
Suppose g - 8 = -5. Suppose -5*z = -4*r + 40, -3*r + 41 = -g*z + 2*z. What is the greatest common divisor of 120 and r?
15
Let p(l) = 4*l. Let y(r) = 6*r. Let c be y(1). Let t be p(c). Let x be 1/(-6) - (-436)/t. What is the greatest common divisor of 6 and x?
6
Let w = 476 + 420. Calculate the highest common divisor of 560 and w.
112
Suppose 4*w - w = 0. Suppose -5*n + 25 = w, -4*l + n + 316 = -3*n. What is the highest common factor of 56 and l?
28
Suppose -b + 14 = m, -2*b - 3*b + 91 = -2*m. Calculate the highest common divisor of 17 and b.
17
Let z be (-18 - -152) + 7*1. Calculate the highest common divisor of 329 and z.
47
Let v = -34 + 26. Let i = v + 18. Suppose j + i = 5*f - 3*f, 0 = -5*f - 5*j - 5. What is the highest common factor of 6 and f?
3
Let a be (92/(-8))/((-2)/4). Let c = a + -7. Suppose u - 40 = 5*l - 14, 5*u + 3*l = 74. What is the highest common divisor of c and u?
16
Let x = -456 + 536. Calculate the highest common divisor of 50 and x.
10
Let p = 121 - 88. Calculate the highest common divisor of 9 and p.
3
Let z = 88 - 46. Let v be (1 - 52/8)*-2. Suppose 10*j - v*j = -28. What is the highest common divisor of j and z?
14
Let c = -36 - -41. Suppose -c*s + 5*n + 12 - 2 = 0, 2 = 2*s - 4*n. Suppose -3*k - 18 = -90. Calculate the highest common divisor of s and k.
3
Let x = 79 - 67. Let c be 2/5 - (-13)/5. Suppose -x = -c*g + 3. What is the highest common factor of 15 and g?
5
Let n(d) = -2*d - 14. Let j be n(-9). Suppose j*t + s - 16 = 0, -3*t - 2*s + 0*s = -17. What is the highest common divisor of t and 1?
1
Let h be (11 + 2977/(-26))/((-2)/4). What is the greatest common factor of 138 and h?
69
Let j(m) = 6*m - 30. Let f be j(5). Suppose 3*l = -f*l + 81. Calculate the highest common factor of l and 18.
9
Let z be 189 - ((-19)/(-76))/((-2)/8). What is the greatest common factor of 304 and z?
38
Let l(c) = -c**3 - 18*c**2 - 59*c + 48. Let f be l(-14). Calculate the greatest common factor of 90 and f.
90
Let p = -22 + 13. Let d be (-31)/(-3) - (-3 - 21/p). What is the highest common divisor of 33 and d?
11
Let p = -850 + 851. Calculate the highest common divisor of p and 24.
1
Let a(i) = i + 568. Let q be a(40). What is the highest common divisor of 76 and q?
76
Suppose 3*t + y = 499, 17*y + 16 = 21*y. Calculate the highest common factor of 132 and t.
33
Let i = 486 + -200. Calculate the greatest common factor of 22 and i.
22
Suppose -5*c + 14 + 1 = 0. Suppose 5*b - c*b = 40. Suppose -3*l - 4*a + 47 = -2*a, -b = 4*a. Calculate the greatest common divisor of l and 171.
19
Let i = 57 - 34. Let c be (-6)/10 - 7/5. Let m be (2 - 1) + c + 116. What is the highest common factor of i and m?
23
Suppose -34*x + 22 = -32*x. Calculate the highest common divisor of x and 99.
11
Suppose -2*x + 2*a + 206 = 3*x, -5*x + 202 = -4*a. What is the greatest common factor of 1 and x?
1
Let s = 504 - 387. Let j(o) = 9*o**3 + 3*o**2 - 2*o - 2. Let b be j(2). What is the greatest common divisor of b and s?
39
Suppose -4 = -2*b, -2*d + d - 3*b + 72 = 0. Calculate the highest common factor of d and 33.
33
Let w = -258 + 259. Calculate the greatest common divisor of w and 5.
1
Let p = 184 - 106. Let u(q) = q**3 + 3*q**2 - 2*q + 4. Let h be 6 - -6*2/(-4). Let t be u(h). Calculate the highest common divisor of t and p.
26
Let o(y) = -12*y + 51. Let z be o(-10). Calculate the highest common factor of z and 285.
57
Let s(t) = -3*t**3 + 3*t**2 - 3*t - 8. Let a be s(-2). Suppose 8*c = -a + 130. Calculate the highest common divisor of c and 24.
12
Let v(y) = -y**3 + 12*y**2 + 18*y + 9. Let f be v(13). Suppose 5*n - 446 = f. Calculate the greatest common divi